prime factors of n?
2, 5
What are the prime factors of 0 + (-182454)/(-33) + 45/495?
3, 19, 97
Let g = -15 - -16. Let f be 52/39*((g - -290) + 0). What are the prime factors of (f/8)/(2/4)?
97
Let w = 2544 + 4469. What are the prime factors of w?
7013
Let d = 263 - 250. Suppose -2347 = -d*z + 1839. List the prime factors of z.
2, 7, 23
Let z(c) = -368*c**3 + c**2 + 11*c + 60. List the prime factors of z(-4).
2, 11, 67
Suppose -9*b = -b + 40. Let q = 10 - -5. List the prime factors of (b - -3) + 8*q.
2, 59
Suppose 3*l - 3*b = 531, 3*b - b = 4*l - 706. What are the prime factors of ((-4)/(-1) + -1 - -1) + l?
2, 3, 5
Suppose -4*f - 28 = -2*l, -61 = -5*l - 0*f + f. Suppose -l*u + 1800 = -6*u. List the prime factors of u.
2, 3, 5
Suppose -2*a + 18 = 5*b, -a - 12 = -11. Suppose 6656 = 4*s - w, -50*s - b*w = -55*s + 8320. List the prime factors of s.
2, 13
Suppose 27*t = 22*t + 3*o + 21170, 21130 = 5*t + 5*o. List the prime factors of t.
4231
Suppose -5*m - 10 = 0, -2*m - 19939 = -7*s + 6*s. What are the prime factors of s?
3, 5, 443
Let a(q) = q**2 + 9*q - 34. Let v be a(6). Suppose 0 = v*o - 62*o + 2268. List the prime factors of o.
2, 3, 7
Let d(t) = 4*t**2 + 4*t + 4. Let i be d(-1). Suppose -i*h = -0*h + 4. What are the prime factors of (h + 7)*(-35)/(-2)?
3, 5, 7
Let y(c) = -464*c + 113. List the prime factors of y(-4).
11, 179
Let r(m) = -27*m**3 - 9*m**2 - 21*m - 9. Let c(q) = -7*q - 137. Let j be c(-19). List the prime factors of r(j).
3, 7, 79
Let b(m) = -56*m**2 - 4*m - 3. Let y(c) = -55*c**2 - 3*c - 2. Suppose -2*i - 10 + 4 = 0. Let s(n) = i*y(n) + 2*b(n). List the prime factors of s(-1).
2, 13
Suppose -f - 3*g = -4229 + 1146, -5*f + g = -15367. List the prime factors of f.
2, 29, 53
Let c be 1047*(-3)/45*-5. Suppose c = 5*i - 131. Let x = i - 93. List the prime factors of x.
3
Suppose 43*y = 47*y - 3420. Let x = -475 + y. What are the prime factors of x?
2, 5, 19
Let u be 1 + -3 + 1/(1/5). Suppose u*a = -a - 12. What are the prime factors of (71 - 0) + 9/a?
2, 17
Suppose 3*k - 1629 = -2*k + 4*g, -3*k = g - 974. Let c = k + -52. What are the prime factors of c?
3, 7, 13
Let s(z) = -859*z - 1215. What are the prime factors of s(-17)?
2, 3347
Suppose 0 = 5*p - 2*x - 52651, 123*x - 9 = 126*x. What are the prime factors of p?
10529
Let x be 1 - (16*4 - 2). Suppose -n = -5*t - 373, -t + 8*n - 68 = 10*n. Let s = x - t. What are the prime factors of s?
13
Suppose -13*d + 14*d = q + 43886, -2*d + 3*q + 87774 = 0. What are the prime factors of d?
2, 3, 23, 53
Let k(p) = p + 317 + 10*p - 12*p - 231. List the prime factors of k(-21).
107
Let x(q) = -2*q**3 - 12*q**2 - 39*q - 9. What are the prime factors of x(-17)?
2, 1753
Suppose 4*l - 648 = -2*z + 656, 5*z = 3*l - 952. Let r = l + 55. List the prime factors of r.
379
Suppose -11*j - 15088 = -34*j. Let v = 1379 - j. List the prime factors of v.
3, 241
Suppose -5*q + 13 = 3*k + 2, 0 = k + 3. Let x be (-8)/32 + 9/q. Suppose s = -3*v + 25 + 1, -4*s - x*v = -84. List the prime factors of s.
2, 5
Let g be 0/1 + -2 + 0. Let j be (12 - (-6)/(-2))*g/(-6). Suppose 0 = -5*h + 4*w + 1026, -3*w = j*h - 4*w - 610. List the prime factors of h.
2, 101
Suppose 2*b + 4*k - 12 = 2, 4 = 4*k. Suppose 484 = 3*v + b*o - 417, -2*v - 2*o = -594. List the prime factors of v.
2, 73
Let q(w) = 3 + 12 + 69*w - 7 - 7 - 4. Let k = 0 - -2. What are the prime factors of q(k)?
3, 5
Let t = 19741 - 11624. List the prime factors of t.
8117
What are the prime factors of 3552/352 - 2/22?
2, 5
Suppose -2*n + 15*i - 11*i - 3606 = 0, 4*n + 7277 = -5*i. Let m = -881 - n. List the prime factors of m.
2, 233
List the prime factors of ((-2)/3)/((-7)/1827) - (3 + 1).
2, 5, 17
Let w(b) = -b**2 + 6*b + 24. Let r be w(-6). List the prime factors of (6/(-4))/(r/13216).
7, 59
What are the prime factors of (1 - 2)/((-61)/305732)?
2, 7, 179
Let o(r) = -35*r + 66. Let u be o(14). Let n = u - -649. Suppose n = 5*h - 5*x, h = -5*x + x + 70. What are the prime factors of h?
2, 5
Let j(x) = 681*x + 4. List the prime factors of j(6).
2, 5, 409
Let c(w) = 45 - 83*w + 32*w**2 + 171*w - 85*w. What are the prime factors of c(-5)?
2, 5, 83
Suppose 0*s = -3*s - 486. Let t = -57 - s. List the prime factors of -2 + t + 4 - 4.
103
Let b = -334 - -639. Suppose 295 = 4*r - b. List the prime factors of r.
2, 3, 5
Suppose 5*j + 0*j - 15 = 0, 3*j = -3*z. Let k = -5 - z. List the prime factors of (-364)/(-7) - (k - 1).
5, 11
Let h be (-2)/(-5) + (-88)/(-5). Let g = h + -13. Suppose 4*y = g*a + 162, -4*y - 3*a - a = -144. What are the prime factors of y?
2, 19
Let s be 960/21 - 2/(-7). Suppose 5*x + 0*k - 50 = 3*k, 5*k + s = 3*x. Suppose -x*z + 2*z + 375 = 0. List the prime factors of z.
3, 5
Let g = -37556 + 63029. What are the prime factors of g?
3, 7, 1213
Let w(b) = 19*b**2 - 4*b - 151 + 114 + 15*b. List the prime factors of w(6).
23, 31
Let q(p) = 4*p**2 + 8*p + 46. Let x(k) = 2*k**2 - 5*k - 20. Let y be x(4). What are the prime factors of q(y)?
2, 7, 17
Let g(h) = -65*h - 91. Let y be 1/(4 + 210/(-52)). List the prime factors of g(y).
3, 13, 41
Let g = -365 - -371. Let v(z) = 17*z**2 - 3*z - 19. List the prime factors of v(g).
5, 23
Let r be (54/18)/(6/(-16) + 0). Let i be 287/(-28) + 1 + 6/r. What are the prime factors of (-3 + -5)*i/1?
2, 5
Suppose -3*h - 2*c + 71 = 0, -h + c + c = -21. Suppose 25 = -4*s - g + 132, -s = g - h. Suppose -s*i - 100 = -33*i. What are the prime factors of i?
2, 5
Let k = 14 - 9. Suppose -103 = 3*z - 5*z - 3*g, 4*z + k*g = 209. List the prime factors of z.
2, 7
List the prime factors of (-66264)/42*(-126)/36.
2, 11, 251
Let d(r) = -r**3 + 19*r**2 - 9*r - 16. Suppose -18*q - 108 = -24*q. List the prime factors of d(q).
2, 73
Let k = -13364 + 20286. What are the prime factors of k?
2, 3461
Let x be 143/(-52)*(0 - -4). Let r(s) = -s + 14*s - 3 + s**3 + 13*s**2 - 6. List the prime factors of r(x).
2, 3, 5
Let k(b) = 19*b - 55. Let q be k(23). Suppose 0 = 7*p + 60 - q. What are the prime factors of p?
2, 23
Let u = 4369 + 28362. List the prime factors of u.
71, 461
Let d(q) = -78*q - 44. Let z be d(-2). List the prime factors of (-280)/z + (-6046)/(-4).
3, 503
Let r be (-8 - 0)*(-18)/12. Let w be (56/r - 3) + (-3)/(-9). What are the prime factors of w/8*430 + 1/2?
2, 3
Suppose 3*o - 3683 - 34138 = 0. What are the prime factors of o?
7, 1801
Suppose 21726 = 78*a - 88*a + 109576. List the prime factors of a.
5, 7, 251
Let d(r) = 34*r**3 + r**2 + 12*r - 7. Let v be d(-3). Let x = v + 1656. List the prime factors of x.
2, 11
Suppose -5*j = 4*l - 12, -2*l - 17 + 5 = -2*j. Suppose -j*w = -4*w + 2*w. Suppose 0 = a - w*a - 62. List the prime factors of a.
2, 31
Let n be 14/(0 + 1) - 1. Let d(z) be the second derivative of -z**5/20 + 7*z**4/6 - 4*z**3/3 + 17*z**2/2 - 3*z + 333. List the prime factors of d(n).
2, 41
Let h(x) = 254*x - 196. What are the prime factors of h(2)?
2, 3, 13
Suppose 0 + 4 = n. Suppose l + 5 = 0, -5*x + 5*l - n*l + 2805 = 0. List the prime factors of x.
2, 5, 7
Let q = 42 - 42. Suppose q = -3*j + 10*j. Suppose j*d = -d + 35. What are the prime factors of d?
5, 7
Suppose 171*t = 166*t + 1025. Suppose d + 9*o - 200 = 4*o, d = -4*o + t. List the prime factors of d.
3, 5
Let s(y) = -4*y + 3. Let n be 1*0/((-3)/1). Let l be s(n). Suppose l*z - 76 = z. What are the prime factors of z?
2, 19
Suppose -28*m = -22*m - 42. Let y be (-3 - (-7)/m) + (-2)/(-1). Suppose 14*p - 17*p + 582 = y. List the prime factors of p.
2, 97
Let l(z) = z**2 + 3*z + 4. Let x be l(-1). Suppose -f - x*f = 3*p - 711, 4*p + 916 = 4*f. List the prime factors of f.
233
Let r(m) = -3*m**2 + 2*m + 8. Let c(q) = -2*q**2 + 2*q + 7. Let t(k) = -6*c(k) + 5*r(k). Let v be t(-4). Let x = v + 88. What are the prime factors of x?
2, 23
Let j be 2 + -6 + (134 - -5). Let u = 986 - j. What are the prime factors of u?
23, 37
Suppose 3*o - 55 = 2*d, -5*o + 69 = 5*d - 31. Let i = o - -80. List the prime factors of i.
3, 11
Let w = -2808 + 4308. List the prime factors of w.
2, 3, 5
Let n = 2894 - 1623. Suppose -n = -4*z - 39*s + 34*s, 0 = -2*z - 2*s + 636. What are the prime factors of z?
11, 29
Suppose 5*v + 20 = -5*n, -2*v - 7 = 4*n + 9. Suppose -3*s = v, 4*s + 18392 = -4*k + s. What are the prime factors of (-1)/3 + k/(-33)?
139
Let y = -2244 + 3793. Let f = -132 + y. Wha